base 4
1032322
What is -330444 (base 5) in base 11?
-8600
Convert 10797 (base 12) to base 6.
245111
114 (base 10) to base 14
82
What is -b73 (base 14) in base 2?
-100011010001
Convert 26512 (base 9) to base 15.
5492
What is -222001 (base 3) in base 4?
-22333
-1024230 (base 5) to base 11
-12115
-320 (base 13) to base 9
-652
23363 (base 9) to base 16
3cf9
Convert 4402 (base 5) to base 9.
738
What is 17764 (base 8) in base 13?
3953
-42c0 (base 15) to base 8
-33462
14324 (base 7) to base 6
30122
What is 4967 (base 11) in base 7?
24624
What is -105bb (base 15) in base 5?
-3130201
11016 (base 8) to base 14
1982
Convert 29397 (base 11) to base 8.
121402
What is 31d (base 14) in base 16?
267
3215 (base 6) to base 5
10411
-26a7 (base 12) to base 3
-20002201
Convert -701 (base 14) to base 5.
-20443
What is -123020 (base 9) in base 4?
-102022020
What is 121020110 (base 3) in base 6?
130450
What is 22110121 (base 3) in base 7?
23665
Convert -2226 (base 7) to base 3.
-1002210
Convert -3302 (base 4) to base 8.
-362
What is -138a5 (base 12) in base 6?
-325525
Convert -2777 (base 16) to base 5.
-310403
What is 1110001011001 (base 2) in base 9?
10853
What is 31342 (base 5) in base 15?
94c
10112100210 (base 3) to base 11
4825a
What is -342 (base 9) in base 2?
-100011001
Convert 3999 (base 12) to base 16.
19c5
-321 (base 15) to base 7
-2026
141125 (base 6) to base 3
200010222
Convert 101b (base 13) to base 4.
202231
Convert 1199 (base 16) to base 6.
32505
-2310 (base 8) to base 16
-4c8
2444 (base 6) to base 14
312
What is -13884 (base 9) in base 3?
-110222211
What is -3712 (base 8) in base 11?
-1553
-10 (base 3) to base 5
-3
-4a3a (base 12) to base 14
-30bc
-131300 (base 4) to base 3
-2121112
-6355 (base 15) to base 11
-14866
What is -22121 (base 3) in base 2?
-11101000
Convert a30 (base 11) to base 8.
2333
Convert 96 (base 15) to base 4.
2031
What is 152 (base 6) in base 13?
53
Convert -9de (base 15) to base 13.
-102b
What is 4001 (base 5) in base 7?
1314
What is -130142 (base 6) in base 12?
-6952
What is 9e9b (base 15) in base 10?
33671
Convert -20210200 (base 3) to base 15.
-1709
Convert -32631 (base 7) to base 6.
-101553
111211 (base 3) to base 11
30a
What is -2332 (base 5) in base 2?
-101010110
-4056 (base 11) to base 3
-21101110
Convert 23880 (base 9) to base 14.
5bad
What is -2351 (base 6) in base 12?
-3b7
Convert 23255 (base 6) to base 3.
11120222
Convert -20233313 (base 4) to base 16.
-8bf7
Convert bb6 (base 15) to base 4.
221112
-2204013 (base 5) to base 3
-1221010201
Convert -17e (base 15) to base 10.
-344
What is 17191 (base 15) in base 6?
1333231
What is 1090 (base 12) in base 4?
130230
What is 1352 (base 11) in base 3?
2101212
-1103 (base 9) to base 13
-4a7
Convert -20302 (base 7) to base 8.
-11527
Convert -d46 (base 16) to base 13.
-1715
9993 (base 10) to base 6
114133
What is 121331 (base 6) in base 4?
2213113
What is -21112 (base 3) in base 10?
-203
Convert -111211 (base 3) to base 9.
-454
-86d (base 15) to base 16
-76f
Convert 3648 (base 10) to base 16.
e40
Convert 101011010 (base 2) to base 13.
208
What is -2938 (base 10) in base 9?
-4024
Convert 142141 (base 5) to base 15.
1b4b
What is -1232 (base 5) in base 11?
-165
What is 5446 (base 9) in base 5?
112021
What is a78 (base 11) in base 2?
10100001111
What is 123 (base 9) in base 12?
86
Convert -1001100000111 (base 2) to base 9.
-6612
164142 (base 7) to base 10
32664
Convert -18854 (base 9) to base 16.
-3322
What is -1100020 (base 3) in base 6?
-4310
1421 (base 13) to base 4
231110
Convert 201212122 (base 3) to base 13.
6797
34843 (base 10) to base 12
181b7
-6332 (base 11) to base 2
-10000011000000
Convert 8b53 (base 13) to base 15.
5ba3
Convert 1121 (base 5) to base 10.
161
Convert 18a8 (base 11) to base 5.
34132
What is 55105 (base 7) in base 15?
4134
What is 2100102100 (base 3) in base 14?
12bc5
Convert -2221333 (base 4) to base 2.
-10101001111111
-370 (base 12) to base 10
-516
Convert 875 (base 16) to base 4.
201311
-1010100010 (base 2) to base 12
-482
-222021 (base 3) to base 4
-23011
What is -48 (base 16) in base 12?
-60
Convert -232543 (base 8) to base 2.
-10011010101100011
7ba0 (base 12) to base 10
13800
What is -1280 (base 10) in base 7?
-3506
Convert 10000201 (base 3) to base 9.
3021
-2751 (base 8) to base 16
-5e9
21121 (base 3) to base 6
541
-10101011000 (base 2) to base 11
-1034
What is -633 (base 10) in base 7?
-1563
What is 542 (base 9) in base 7?
1202
What is -16206 (base 7) in base 11?
-3479
2100212110 (base 3) to base 5
2442220
135141 (base 7) to base 3
1022101200
What is -30110 (base 4) in base 2?
-1100010100
-1d7 (base 14) to base 4
-12001
-3655 (base 9) to base 15
-c18
Convert -777 (base 9) to base 6.
-2541
110126 (base 7) to base 2
100101101001101
What is 1000011 (base 3) in base 10?
733
-774 (base 10) to base 8
-1406
What is 111001110101 (base 2) in base 3?
12002002
-a86 (base 16) to base 8
-5206
Convert -8177 (base 9) to base 7.
-23305
-223031 (base 5) to base 11
-5a24
What is -a (base 13) in base 9?
-11
-2411 (base 9) to base 15
-7e7
What is 3d9e (base 15) in base 5?
410244
-6455 (base 7) to base 3
-10010222
Convert 6a91 (base 11) to base 8.
22120
What is 61e3 (base 16) in base 6?
312003
1736 (base 8) to base 16
3de
What is 2200212 (base 3) in base 2?
11110101111
What is 3859 (base 10) in base 7?
14152
What is -3046 (base 11) in base 7?
-14534
What is -3725 (base 9) in base 8?
-5331
Convert -10901 (base 15) to base 2.
-1100110110101011
What is 230 (base 11) in base 3?
101012
What is -2102 (base 10) in base 6?
-13422
Convert 2112122 (base 5) to base 2.
1000100111010111
Convert 44 (base 7) to base 13.
26
-36162 (base 7) to base 12
-54b6
What is -5091 (base 11) in base 3?
-100021012
Convert 124331 (base 5) to base 7.
20323
Convert 95d4 (base 15) to base 9.
47431
Convert 136 (base 12) to base 4.
2322
1212000112 (base 3) to base 8
107160
What is -405 (base 8) in base 5?
-2021
Convert 39a7 (base 12) to base 11.
4a67
-14180 (base 9) to base 2
-10010110011110
Convert -1724 (base 8) to base 2.
-1111010100
-a6a2 (base 16) to base 15
-c98d
Convert -101100110100 (base 2) to base 7.
-11235
What is 140204 (base 5) in base 10?
5679
What is -266b (base 15) in base 10?
-8201
-3534 (base 9) to base 2
-101000111111
Convert -10100010001111 (base 2) to base 8.
-24217
What is 59a (base 16) in base 10?
1434
What is -206 (base 7) in base 12?
-88
What is -21201122 (base 3) in base 9?
-7648
Convert 59 (base 13) to base 4.
1022
What is 100101000000 (base 2) in base 7?
6622
What is 66163 (base 9) in base 5?
2401003
What is -182 (base 9) in base 14?
-b1
187a (base 12) to base 10
2974
What is -2000201 (base 3) in base 8?
-2705
What is 421430 (base 5) in base 15?
422a
-5ee4 (base 15) to base 16
-4f0f
What is -110110011 (base 2) in base 12?
-303
What is -424243 (base 5) in base 10?
-14323
Convert 2022110001 (base 3) to base 6.
550431
Convert 11313 (base 4) to base 3.
111220
6 (base 11) to base 4
12
Convert 53822 (base 9) to base 16.
8b4c
What is 10110110011 (base 2) in base 13?
883
131561 (base 7) to base 9
36718
-201121010 (base 3) to base 9
-21533
Convert -23237 (base 10) to base 3.
-1011212122
-8866 (base 10) to base 5
-240431
What is 1eec (base 15) in base 8?
15133
25202 (base 8) to base 4
2222002
Convert -a (base 14) to base 6.
-14
Convert -1564 (base 7) to base 5.
-10014
What is 49b (base 12) in base 16?
2b7
-2112 (base 3) to base 12
-58
-4a7 (base 16) to base 3
-1122010
-10101001110010 (base 2) to base 14
-3d62
What is -152554 (base 8) in base 4?
-31111230
What is -168 (base 11) in base 10?
-195
What is -110 (base 10) in base 9?
-132
What is 398 (base 10) in base 13?
248
Convert 143b (base 15) to base 5.
114311
Convert -21643 (base 7) to base 12.
-31ba
What is 340 (base 5) in base 2?
1011111
-d89 (base 15) to base 12
-1926
What is -1738 (base 14) in base 6?
-31142
Convert -22 (base 12) to base 4.
-122
Convert -101010011111 (base 2) to base 16.
-a9f
What is 31332130 (base 4) in base 6?
1121004
-25331 (base 7) to base 4
-1220132
What is -20120 (base 3) in base 12?
-129
Convert 110100001 (base 2) to base 3.
120110
Convert -620 (base 7) to base 9.
-372
Convert 1427 (base 10) to base 6.
10335
Convert -4202320 (base 5) to base 10.
-69085
-995 (base 11) to base 14
-613
201100 (base 3) to base 13
